100 + (-24 - -121).
56
120 + (-60 + -149 - -25)
-64
What is 33 - (-523 - -530 - (27 + 1))?
54
Evaluate 13 + -113 + 4 + -5 + (-4 - (7 + -9)).
-103
What is the value of -31 + (-25 - (-41 + 25))?
-40
What is -4 - 16 - -33 - (1 + (-2 - 33))?
47
What is the value of (1264 - 1206) + 13 + -176?
-105
Calculate 25 + -27 + (-11 + 21 - 16).
-8
What is the value of -21 + (17 + (16 - 12) - 11)?
-11
What is -27 + (1 - (-20 - -44 - 21))?
-29
What is the value of (-56 - -198) + -84 + -72?
-14
What is -11 + (-8 - -11) + 1 + 4 + 52?
49
Evaluate -33 + -19 + 37 + -5 - (1 + -7).
-14
Calculate 12 - (7 + (8 - -1)).
-4
43 + (-33 - (-44 - -48)) + (0 - 1)
5
What is the value of (3 - (3 - -2) - (55 + -111 + 2)) + -9?
43
What is the value of ((55 - 16) + -8 - 23) + -8?
0
-11 - (2 + -54 + (-100 - -109)) - (0 - 2)
34
Calculate -1 + 5 + (-9 - 1) + (36 - 35).
-5
What is -19 - (1 + 17 - (-52 + 47))?
-42
What is the value of (-2 + 0 - -20) + (100 - 65) + -47?
6
Evaluate -845 + 845 - (0 + -23) - -62.
85
Evaluate -1 + ((3 - 2) + -41 - (1102 - 1097)).
-46
62 + -61 + 1 + 1 - (-2 + -1 + 0)
6
(9 - 5) + 3 + (-4 - -33 - (-19 + 9))
46
What is (-15 - (10 - (-7 - -17))) + -27 - 3?
-45
What is (19 - 82 - 64) + (6 - -36)?
-85
11 + (20 + -5 - (-6 + -22 + 3))
51
Evaluate (2 - ((91 - 83) + (0 - 9))) + 27 + 30.
60
21 - ((-19 - 7) + 17 + (5 - -2))
23
Calculate (-3 - 0 - (12 - 18)) + -21.
-18
What is the value of (-6 - -1 - ((-1 - 0) + 0 - -10)) + 0?
-14
27 + (-33 - -12) + -19
-13
Evaluate 88 - (114 - 99) - 146.
-73
What is 10 - (2 - 6 - (73 - 82))?
5
(9 - 22) + -1 + (-6 - -7)
-13
What is the value of 30 + -19 + -14 - 16 - 52?
-71
What is the value of 9 - (40 + -10) - (3 - -1 - 15)?
-10
Calculate -13 - ((-12 - -38) + -28) - (-1 + 4).
-14
What is (-2 - 2 - ((38 - 66) + 22)) + (-40 - -6)?
-32
(-13 - -10) + -3 + (7 - (-21 + -13))
35
162 - 190 - ((-12 - -7) + (0 + 0 - 0))
-23
What is the value of (3 - 1 - -20) + (-176 - (24 - 50))?
-128
What is the value of (1 - 15) + (67 - 100) + 40?
-7
238 + -76 - 286 - -62
-62
What is the value of -30 - (30 + 23 + -62)?
-21
Evaluate -35 + -16 + 115 + -17.
47
What is 1222 + -1246 - (-27 + 0) - 38?
-35
What is -87 + -23 + 11 - (84 + -84)?
-99
What is the value of 8 + (-18 - -3) + -24 + 8?
-23
Calculate (-9 - -57) + -80 + 60.
28
Evaluate 38 + -5 + -44 - (-25 + 1).
13
What is the value of 41 - ((41 - (125 + -75)) + (18 - -1))?
31
Evaluate -78 - (-108 + 69 + -51).
12
-87 + 65 + -25 - (-13 + 3)
-37
Evaluate -69 + (-25 - 3 - (-116 + 94)).
-75
Evaluate (-2 - (-16 - 1)) + 132 + 28 + -169 + 95.
101
What is 42 + -6 - (6 - 19 - (-22 + 1))?
28
What is (9 - 74) + (-174 - -315)?
76
-257 - -148 - (-7 + -62)
-40
Evaluate 830 + -906 + -2 + 41 + -2.
-39
What is 7 + 0 - (-21288 + 21295 + -8 + -2 + -2)?
12
Evaluate 114 + (-32 - -31) + 3 + -37.
79
Calculate -22 - (-9 - -20) - (-74 + 59).
-18
What is the value of -15 + 8 + 23 + -19 + 59?
56
What is the value of -20 - (-43 - ((37 - 37) + -152))?
-129
Calculate 20 - (-91 - -119 - (-1 + -11)).
-20
What is (-9 + -1 - (271 + -268)) + (6 - -5)?
-2
Evaluate 2 - -4 - (0 + -63 + 1) - (14 + -7).
61
Calculate 27 - ((-12 - 10) + 24) - 51.
-26
1 + 51 + (-29 + 86 - 61)
48
Calculate -1 + -6 + (-112 + 50 - -72).
3
(3 - (-2 + -2 - -4) - -1) + (97 - 51)
50
(-6 + 30 - 3 - (152 + -134)) + -20
-17
What is the value of (41 - -2) + -42 + -40?
-39
What is the value of -5 + (3 + 31 - -1 - -98)?
128
What is -15 + (47 + -3 - 40) - 120?
-131
Calculate -104 - (2 + 6 + -13 + 40 + -43).
-96
What is the value of -75 + (4 - (-4 - (-22 + 12) - 14))?
-63
What is 1 + -50 + (13 - (32 - 37))?
-31
Evaluate (5964 - 5996) + -39 + 1.
-70
(-352 - -439) + (7 - -12) + 5 + -8
103
Evaluate (30 - 42) + (54 - (14 - 5)).
33
What is -83 + -81 + 151 - -43?
30
Evaluate 865 + -855 + (-50 - (-5 - -2)) + 3.
-34
Calculate 108 - (30 - -38) - 74.
-34
What is (-12 - (14 + -62)) + 2 + 9?
47
Evaluate (1 - 28) + (120 - 89).
4
What is the value of -1 - (-6 - -9) - (1 - -6 - (6 - -51))?
46
-4 + 11 - (5 - (2 + -6) - (58 + 5))
61
What is the value of 7 + (-3 - ((9 - -52) + -12)) + 0 + 0?
-45
Calculate -23 + 13 + 10 + -11 + 10 + 6 + 42.
47
What is -67 - (3 + (-36 - 32))?
-2
What is 51 + (-15 + 9 - 28) + 17?
34
Calculate 12 + 8 + (-23 + 3 + 18 + -8 - 120).
-110
What is 12 - (-56 - (-41 - 13))?
14
What is the value of (62 - -2) + (-121 - -100) - -22?
65
(76 + -65 - 70) + 60
1
Calculate -5 - -3 - (257 + -343).
84
Calculate 66 - (96 - (-6 - -74)).
38
Evaluate -391 + 340 - (-53 - -2).
0
Calculate -10 + 0 + 5 - (-20 - (4 + -6)).
13
What is the value of 5 + -32 - (-1 - 2 - (-61 - -49))?
-36
Evaluate 12 + (-45 - (-8 - (-2 - 13))).
-40
Calculate (34 - -34 - 17) + -1 + 0 + -1 + -9.
40
What is (18 - (75 + -34)) + 45?
22
What is (-48 - -29 - 50) + -18 + -3?
-90
What is -1 + 0 - 6 - (40 - (64 + -35) - 6)?
-12
Calculate (16 - (34 + -20 - -26)) + 40.
16
Evaluate -57 + 51 - 2 - ((-8 - -6) + (36 - -1)).
-43
What is the value of (-77 - -101) + -68 - -11?
-33
2 - 75 - (56 + -179 + 105)
-55
70 - (-63 + 149) - (-8 - -56)
-64
Evaluate -54 - (25 - 10) - ((0 - 6) + 3 + -7).
-59
(-2 - (50 - 1)) + (10 - (8 + -1)) + -7
-55
-111 - (167 - (321 - 160))
-117
-119 + 21 + 13 + 39
-46
What is the value of -44 - (3 - 44) - ((1 - 3) + 3) - -16?
12
2 - (198 + -190 - (1 + -12))
-17
What is 3 - -33 - (342 - 250)?
-56
What is 2 + -132 + 1 - (-2684 + 2647)?
-92
Calculate -40 - -34 - (9 - 3) - (18 + -30).
0
930 + -955 - (2 + -37)
10
Evaluate 4 + (-31 - -4) + -26 + -1.
-50
What is the value of -53 - (-20 + 29 + -41)?
-21
What is -11 + -3 + 6 + 0 + -12 + -1 + 7?
-14
Evaluate -39 + -3 + (-251 - -305) + 0 + -2 + -10.
0
What is (-32 - (6 - (18 - 9))) + 80?
51
Calculate -9 + -26 + 1 - -37.
3
Calculate 21 - (-1 - -18) - 3 - -48.
49
9 + -3 + (30 - (89 - 39))
-14
(-13 - 1 - -2) + 1707 + -1679
16
-11 - (77 + -48 + -15)
-25
What is the value of 9 + (-49 - -77) + -18?
19
Evaluate 164 - (-67 + 76) - 59.
96
-8 + (1 - -2) + 13 - 51
-43
What is the value of (1 - 2) + (1603 - 1563) + (-1 - -1)?
39
Evaluate 20 + (19 - (-6 + -9 - -15)) - (4 + -17).
52
What is 3075 + -2991 + (1 - 91)?
-6
What is 1 + 53 - (3079 - 2942)?
-83
Calculate -385 + 333 + 3 + 2 + -9 + 8 + 4.
-44
Evaluate (-17 - (94 - 100)) + -1 + -19.
-31
Calculate -49 + -131 + 101 + 76.
-3
-32 - -51 - (5 + (8 - 0) - 3)
9
Evaluate (25 - (-1 - -12) - -17) + -91.
-60
Calculate 3 + -3 - -68 - (-50 + 6 + 43 - 1).
70
Calculate -28 + (166 - 21 - (-30 - -66)).
81
Evaluate -19 - (89 - 36 - 76).
4
Evaluate (-10 - -2) + ((14 - 0) + 2 - 15) + -7.
-14
Calculate (9 - (6 + 3 + -6)) + (-29 - -12) + 32.
21
Evaluate (24 + -41 - 35) + 100.
48
What is the value of 219 + -141 + (10 - 2 - 8)?
78
Evaluate (6 - (11 - 5 - 4)) + (18 - (-54 + 22)).
54
Calculate (-2 + 10 - 7) + (7 - -1) - (-97 + 138).
-32
What is the value of 80 + -45 + (1 - -8) + -7?
37
Calculate -1 + 6 + -172 + 340 + -136.
37
Calculate -39 - -14 - (62 + -78).
-9
What is (-6 - (-7 - (-9 + 3))) + -36 + (-2 - 3)?
-46
What is the value of (7 - 7 - 41) + -63 + 72?
-32
Calculate -54 - -1 - (368 + -394) - -25.
-2
Evaluate (-7 + (-8 - 13) - -12 - -12) + -4 + -35.
-43
What is -9 + (9 - -7) + 6 + -7 - (-8 - 4)?
18
27 - -131 - (116 + 2)
40
Evaluate 2 - (-2 + 2 + 15 + (-631 - -628)).
-10
Evaluate (-10 - -3) + (147 - 158 - (69 + -2)).
-85
Calculate (171 - 100) + 14 + -30.
55
Evaluate -14 - ((51 - -6 - 59) + (-32 - 1)).
21
Calculate (-427 - -470) + (-4 - 5).
34
20 + (-2 - (-83 - -9)) + -25
67
Calculate 375 + -380 - (1 + -38).
32
Evaluate 30 + 3 + 0 - 3 - (97 + -44 + -52).
29
Evaluate -2 + (15 - 24) + 1 + 1 - -67.
58
What is 43 + (-12 - (-13 - 0) - (2 - (-1 + -2)))?
39
Evaluate 396 + -372 + (-24 - -3) - -40.
43
Evaluate -35 - ((3 - 2) + 1) - (-4418 - -4415).
-34
(-10 - 5 - -22) + -10 + (25 - 3 - 2)
17
What is 6 + 5 + 25 + -54 + 104?
86
Evaluate -71 - 117 - (-132 + 66).
-122
Calculate 7 - -1 - (-21 - (-10 - (51 + 5 - 30))).
-7
10 + -45 + 47 - -39
51
Evaluate -13 - (-18 + -17 - -19) - (-37 + -27).
67
What is the value of 2236 + -2229 + (-62 - -4)?
-51
Evaluate (-36 - -12 - -10) + 15 + -1 + -9.
-9
9 + -9 + 8 + -41 + (-8 - -11)
-30
Evaluate (10 - 8) + 19 - -71 - 21.
71
-63 - (39 + (-85 - 13))
-4
What is 712 + -720 - (-4 + (1 - -32))?
-37
Calculate 28 + (14 - (-39 + 23 - -31)).
27
What is the value of 35 + -65 + 19 - ((-71 - 3) + 3)?
60
Calculate -22 + (-15 + (-21 - -38) - 52).
